- k.
17
Suppose -2*s + 22 = -6. Let o(v) = -3*v**2 + 4*v**3 + 2*v**3 + 0*v**3 + 5*v - 4*v**3 - 2. What is the remainder when o(3) is divided by s?
12
Let r(y) = y**3 - 3*y**2 - 4*y - 8. Calculate the remainder when r(5) is divided by 4/14 - (-54)/7.
6
Let j(m) = -m**2 + 11*m - 6. Let f be j(6). Let d = 7 + f. What is the remainder when d is divided by 11?
9
Suppose 814 = 3*u + 226. Suppose -3*p + u = 5*n, 3*n + 39 = 4*p + 174. What is the remainder when n is divided by 14?
13
Suppose -5*r = 5*b - 5, -b + 40 = 3*b - 5*r. Let z(a) = -13*a - 4. What is the remainder when z(-3) is divided by (6/b)/((-2)/(-30))?
17
Let z = 40 - 17. Calculate the remainder when z is divided by 13.
10
Let l be ((-24)/(-36))/(4/306). Let u = 118 - l. What is the remainder when u is divided by 17?
16
Let x(z) = z**2 + 4*z - 5. Let f = 153 - 93. Suppose 0*o = 3*o - f. What is the remainder when o is divided by x(-6)?
6
Suppose 0 = -5*r + 3*x + 3, -5*x + 8 = -4*r - 0*x. Let k(l) = 5*l. Calculate the remainder when 1/4 + (-115)/(-4) is divided by k(r).
14
Suppose 123 + 17 = 5*j + 2*g, -2*g = -2*j + 70. Suppose -4*m - 40 = -9*m. Calculate the remainder when j is divided by m.
6
Let r = -5 + 5. Suppose r = t - 2. Suppose 45 = -a + t*a. Calculate the remainder when a is divided by 16.
13
Let z = -25 + 97. Suppose -5*x - 12 = -z. Calculate the remainder when (-8)/44 - (-387)/11 is divided by x.
11
Let v = -238 + 382. Let c = v + -91. Calculate the remainder when c is divided by 18.
17
Let y be 1/1*(-3)/(-3). Let r(w) = 59*w**3 - 2*w**2 + 1. Calculate the remainder when r(y) is divided by 20.
18
Suppose 0 = -l - 14*l + 480. Calculate the remainder when l is divided by 12.
8
Suppose 0 = -i - 2*f + 10 + 11, -5*f - 149 = -4*i. What is the remainder when i is divided by 12?
7
Suppose -5*n = -n - 8. Suppose -n*b + 10 = -0*b. Suppose z + 3*d - b = 0, -3*z + 8*z = 4*d + 44. What is the remainder when 13 is divided by z?
5
Let k(u) = u**2 - 6*u - 7. Let n be k(7). Suppose -3*j + 2*y + 68 = n, 0*y + 20 = 2*j + 5*y. Calculate the remainder when j is divided by 7.
6
Suppose 256 = 2*f + 2*f. What is the remainder when f is divided by 11?
9
Let z(n) = -n**2 - 15*n - 41. Calculate the remainder when 247/5 + (-4)/10 is divided by z(-9).
10
Let v = 94 + -57. What is the remainder when v is divided by 10?
7
Suppose -5*j - 2*n - 11 + 75 = 0, 5*j - n = 73. Let y = 3 + -6. What is the remainder when 4/6 + (-79)/y is divided by j?
13
Let k = -101 + 50. Let d = k - -81. Suppose s = -2*s + d. Calculate the remainder when s is divided by 4.
2
Suppose -3*i = -5*i + 32. Let h = 200 + -154. What is the remainder when h is divided by i?
14
Suppose -5*y + 12 = 3*k, 2*k = -2*y - 3*k + 1. Suppose 41 = y*z - 37. What is the remainder when z is divided by 7?
5
Calculate the remainder when (-1)/(1 - (-8)/(-6)) is divided by 2.
1
Let t be 20 - (1 + (-3)/(-3)). Let n = t + 4. Calculate the remainder when 64 is divided by n.
20
Let n(l) = 4*l - 4. Let a be n(6). Suppose -k + 2*w - a = -6*k, -k + 7 = w. Calculate the remainder when k is divided by 2.
0
Suppose -5*a = -191 - 34. What is the remainder when a is divided by 16?
13
Let o = -37 + 53. What is the remainder when 31 is divided by o?
15
Suppose -2*o + 24 = -8. Let x = 27 - o. What is the remainder when 31 is divided by x?
9
Let u(n) = n + 9. What is the remainder when 8 is divided by u(-6)?
2
Let t = 37 + 1. What is the remainder when t is divided by 10?
8
What is the remainder when 25 is divided by (-80)/(-24)*9/2?
10
Let q be (-2)/8 + (-85)/(-20). Suppose 59 = 5*p + q*v, p = 3*v + 8 + 19. Let b = p + -11. What is the remainder when 5 is divided by b?
1
Let c(l) = l**3 - 21*l**2 - 16*l - 7. What is the remainder when c(22) is divided by 21?
20
Let f = -3 + 19. Let p = f - -2. What is the remainder when 33 is divided by p?
15
Suppose -2*j + 8 = -u + 3, 5 = 5*j + 5*u. Suppose 0*t = 4*t - 32. Calculate the remainder when t is divided by j.
0
Calculate the remainder when -1 + (-5)/((-20)/44) is divided by 20/3 + (-4)/6.
4
Let w = 1 + 1. Suppose -5*l + 10 = 4*r - 1, -5*l + 3*r + 18 = 0. Suppose 4*o + 0*p - 15 = p, -l*o + 8 = -4*p. What is the remainder when o is divided by w?
0
Suppose 0 = -c + 17*c - 528. Suppose 51 = -2*x + 5*x. What is the remainder when c is divided by x?
16
Let o(g) = -g**3 + 10*g**2 + 3. Calculate the remainder when o(10) is divided by 3.
0
Let d be -9*((-4)/(-6))/(-2). Let a(t) = 2*t**3 - 2*t**2 - 3*t - 2. Let u be a(d). Calculate the remainder when u/(3 + (-1 - 1)) is divided by 7.
4
Suppose 0 = 5*d + 15, d - 5 = x - 2*x. Suppose 0*h - 87 = -3*h. What is the remainder when h is divided by x?
5
Let g(u) = -u**2 - 3*u + 2. Let p be g(-3). Suppose -p*h - h = -30. What is the remainder when -2 + 34 + -2 + -1 is divided by h?
9
What is the remainder when (112/24)/((-1)/(-15)) is divided by 20?
10
What is the remainder when 15 is divided by 69/9 - 2/(-6)?
7
Let d = 31 + -26. Suppose 39 = 4*x + d*a, -4*x - 9 = -3*x + 5*a. What is the remainder when 31 is divided by x?
15
Let o be 0 - -2 - (1 - -4). What is the remainder when 10 is divided by 9*(4/o)/(-2)?
4
Let d = 78 - 69. What is the remainder when d is divided by 2*-1*10/(-4)?
4
Let g = 28 - 19. Suppose -122 + 262 = 4*l. Calculate the remainder when l is divided by g.
8
Suppose -3*f + 8 - 5 = 0. Let q = 4 - 2. Calculate the remainder when q is divided by f.
0
Let k = 2 + 0. What is the remainder when 3 is divided by k?
1
Suppose -3*x + u - 20 - 6 = 0, 46 = -3*x + 5*u. Let s = 24 - x. Suppose -28 = -3*w + w - 4*y, 0 = -4*w + 2*y + 26. What is the remainder when s is divided by w?
7
Suppose 3*b = 8*b - 35. Let q = -2 - -6. Calculate the remainder when b is divided by q.
3
Let r = -11 + 31. Suppose -5*p = 3*v + 9 + 3, -5*p = v + 4. What is the remainder when 87/(-12)*(-8 + p) is divided by r?
18
Let q(h) = -h**3 + 8*h**2 - 6*h + 6. Suppose -4*v + 33 = -19. What is the remainder when q(5) is divided by v?
12
Suppose -v - 16 = -z, 4*z - v + 5*v = 24. Calculate the remainder when 42 is divided by z.
9
Suppose m = 4*u + 65, 9*m + 5*u = 4*m + 225. Let w(t) = 2*t**3 - 5*t**2 + 7 - 5*t**3 + 3*t + 2*t**3. What is the remainder when m is divided by w(-6)?
24
Suppose h + 2*h = 54. What is the remainder when h is divided by 5?
3
Let h = -60 + 112. Calculate the remainder when h is divided by 14.
10
Let v(k) = -4*k - 16. Let r(y) = 12*y + 47. Let c(m) = 3*r(m) + 8*v(m). What is the remainder when c(9) is divided by 13?
10
Let l(a) = 2*a + 5. What is the remainder when 18 is divided by l(2)?
0
Calculate the remainder when 27 is divided by -6 + 4 - -4 - -4.
3
Suppose 16 = 5*g + 3*x, 3*x - 4 = -5*g + 6*x. Let j(h) = 2*h**3 - 3*h**2 - 2*h + 4. What is the remainder when j(3) is divided by 12 + 1*(3 - g)?
12
Suppose 5*i = 4*i + 3. Suppose 47 = i*h - 7. Let q = 57 - 22. Calculate the remainder when q is divided by h.
17
Let h(l) be the second derivative of l**4/12 - l**3/2 - 7*l**2/2 + 2*l. Calculate the remainder when 2/4*-31*-4 is divided by h(7).
20
Let x(i) = i**2. Let t be x(4). What is the remainder when 46 is divided by 3*t/(-12)*-4?
14
Suppose 5*g - 272 = 68. Let q be (-21)/2*4/(-6). Suppose 2*u + 115 = q*u. Calculate the remainder when g is divided by u.
22
Suppose -k + 6*k + 61 = 3*x, -3*k = 15. Calculate the remainder when 83 is divided by x.
11
Let s = 1 - -78. Calculate the remainder when s is divided by 9.
7
Let x = 2 + 5. Calculate the remainder when 17 is divided by x.
3
Let l(v) = -v**3 + v**2 - 6*v - 3. Suppose -2*k - 1 - 5 = 0. Calculate the remainder when l(k) is divided by 18.
15
Suppose -4*c - 29 = 15. Let s = 17 + c. Suppose 0 = -3*m + 4*m - 21. What is the remainder when m is divided by s?
3
Let d(w) be the first derivative of -w**4/4 + w**2/2 + 18*w + 3. Calculate the remainder when 35 is divided by d(0).
17
Calculate the remainder when ((-180)/(-35))/((-1)/(-14)*2) is divided by -13*(-1 - 0/1).
10
Let o(t) = t**2 + 5*t + 3. Let n be o(-5). Suppose -n = -g + 27. Calculate the remainder when g is divided by 16.
14
Let s = 26 + -8. Suppose -n - 2 = -r, -4*r = 2*n - 0*n - 14. Suppose 105 = r*b - 0*b. What is the remainder when b is divided by s?
17
What is the remainder when 2090/40 + 3/4 is divided by 20?
13
Let y = 10 - 23. Let z = 19 + y. Calculate the remainder when z is divided b